{"id":975,"date":"2021-04-17T07:25:19","date_gmt":"2021-04-17T07:25:19","guid":{"rendered":"http:\/\/ima-cg.com\/index.php\/about\/"},"modified":"2023-02-28T18:22:30","modified_gmt":"2023-02-28T18:22:30","slug":"about","status":"publish","type":"page","link":"https:\/\/ima-cg.com\/index.php\/about\/","title":{"rendered":"Nosotros"},"content":{"rendered":"\t\t<div data-elementor-type=\"wp-page\" data-elementor-id=\"975\" class=\"elementor elementor-975\" data-elementor-settings=\"[]\">\n\t\t\t\t\t\t\t<div class=\"elementor-section-wrap\">\n\t\t\t\t\t\t\t<section class=\"has_eae_slider elementor-section elementor-top-section elementor-element elementor-element-54b30af0 elementor-section-boxed elementor-section-height-default elementor-section-height-default\" data-id=\"54b30af0\" data-element_type=\"section\">\n\t\t\t\t\t\t<div class=\"elementor-container elementor-column-gap-no\">\n\t\t\t\t\t<div class=\"has_eae_slider elementor-column elementor-col-100 elementor-top-column elementor-element elementor-element-52526e60\" data-id=\"52526e60\" data-element_type=\"column\">\n\t\t\t<div class=\"elementor-widget-wrap elementor-element-populated\">\n\t\t\t\t\t\t\t\t<div class=\"elementor-element elementor-element-21dccb8a elementor-widget elementor-widget-heading\" data-id=\"21dccb8a\" data-element_type=\"widget\" data-widget_type=\"heading.default\">\n\t\t\t\t<div class=\"elementor-widget-container\">\n\t\t\t<style>\/*! elementor - v3.5.5 - 03-02-2022 *\/\n.elementor-heading-title{padding:0;margin:0;line-height:1}.elementor-widget-heading .elementor-heading-title[class*=elementor-size-]>a{color:inherit;font-size:inherit;line-height:inherit}.elementor-widget-heading .elementor-heading-title.elementor-size-small{font-size:15px}.elementor-widget-heading .elementor-heading-title.elementor-size-medium{font-size:19px}.elementor-widget-heading .elementor-heading-title.elementor-size-large{font-size:29px}.elementor-widget-heading .elementor-heading-title.elementor-size-xl{font-size:39px}.elementor-widget-heading .elementor-heading-title.elementor-size-xxl{font-size:59px}<\/style><h2 class=\"elementor-heading-title elementor-size-default\">iMA PARTNERS<\/h2>\t\t<\/div>\n\t\t\t\t<\/div>\n\t\t\t\t<div class=\"elementor-element elementor-element-5b1cc8f5 elementor-widget elementor-widget-text-editor\" data-id=\"5b1cc8f5\" data-element_type=\"widget\" data-widget_type=\"text-editor.default\">\n\t\t\t\t<div class=\"elementor-widget-container\">\n\t\t\t<style>\/*! elementor - v3.5.5 - 03-02-2022 *\/\n.elementor-widget-text-editor.elementor-drop-cap-view-stacked .elementor-drop-cap{background-color:#818a91;color:#fff}.elementor-widget-text-editor.elementor-drop-cap-view-framed .elementor-drop-cap{color:#818a91;border:3px solid;background-color:transparent}.elementor-widget-text-editor:not(.elementor-drop-cap-view-default) .elementor-drop-cap{margin-top:8px}.elementor-widget-text-editor:not(.elementor-drop-cap-view-default) .elementor-drop-cap-letter{width:1em;height:1em}.elementor-widget-text-editor .elementor-drop-cap{float:left;text-align:center;line-height:1;font-size:50px}.elementor-widget-text-editor .elementor-drop-cap-letter{display:inline-block}<\/style>\t\t\t\t<p>Somos la suma de esfuerzos entre BIM Central, Fractales, Terabim y Tensegridad empresas l\u00edderes de capacitaci\u00f3n, implementaci\u00f3n y desarrollo de proyectos con BIM y las principales herramientas de la metodolog\u00eda en el mercado para el sector de la industria de la Arquitectura, Ingenier\u00eda y Construcci\u00f3n en M\u00e9xico.<\/p>\n<p>Los socios del grupo compartimos un amplio conocimiento especializado, experiencia real aplicada, visi\u00f3n de trabajo en equipo y capacidad en recursos humanos y digitales para proyectos de mediana y gran escala en BIM. <br><\/p>\t\t\t\t\t\t<\/div>\n\t\t\t\t<\/div>\n\t\t\t\t\t<\/div>\n\t\t<\/div>\n\t\t\t\t\t\t\t<\/div>\n\t\t<\/section>\n\t\t\t\t<section class=\"has_eae_slider elementor-section elementor-top-section elementor-element elementor-element-0587155 elementor-section-boxed elementor-section-height-default elementor-section-height-default\" data-id=\"0587155\" data-element_type=\"section\">\n\t\t\t\t\t\t<div class=\"elementor-container elementor-column-gap-default\">\n\t\t\t\t\t<div class=\"has_eae_slider elementor-column elementor-col-25 elementor-top-column elementor-element elementor-element-fab4f7c\" data-id=\"fab4f7c\" data-element_type=\"column\">\n\t\t\t<div class=\"elementor-widget-wrap elementor-element-populated\">\n\t\t\t\t\t\t\t\t<div class=\"elementor-element elementor-element-c447ef4 elementor-widget elementor-widget-image\" data-id=\"c447ef4\" data-element_type=\"widget\" data-widget_type=\"image.default\">\n\t\t\t\t<div class=\"elementor-widget-container\">\n\t\t\t<style>\/*! elementor - v3.5.5 - 03-02-2022 *\/\n.elementor-widget-image{text-align:center}.elementor-widget-image a{display:inline-block}.elementor-widget-image a img[src$=\".svg\"]{width:48px}.elementor-widget-image img{vertical-align:middle;display:inline-block}<\/style>\t\t\t\t\t\t\t\t\t\t\t\t<img loading=\"lazy\" decoding=\"async\" width=\"800\" height=\"800\" src=\"https:\/\/ima-cg.com\/wp-content\/uploads\/2023\/02\/BC.png\" class=\"attachment-large size-large\" alt=\"\" srcset=\"https:\/\/ima-cg.com\/wp-content\/uploads\/2023\/02\/BC.png 800w, https:\/\/ima-cg.com\/wp-content\/uploads\/2023\/02\/BC-300x300.png 300w, https:\/\/ima-cg.com\/wp-content\/uploads\/2023\/02\/BC-150x150.png 150w, https:\/\/ima-cg.com\/wp-content\/uploads\/2023\/02\/BC-768x768.png 768w\" sizes=\"auto, 100vw\" \/>\t\t\t\t\t\t\t\t\t\t\t\t\t\t\t<\/div>\n\t\t\t\t<\/div>\n\t\t\t\t\t<\/div>\n\t\t<\/div>\n\t\t\t\t<div class=\"has_eae_slider elementor-column elementor-col-25 elementor-top-column elementor-element elementor-element-671c5c9\" data-id=\"671c5c9\" data-element_type=\"column\">\n\t\t\t<div class=\"elementor-widget-wrap elementor-element-populated\">\n\t\t\t\t\t\t\t\t<div class=\"elementor-element elementor-element-7484c38 elementor-widget elementor-widget-image\" data-id=\"7484c38\" data-element_type=\"widget\" data-widget_type=\"image.default\">\n\t\t\t\t<div class=\"elementor-widget-container\">\n\t\t\t\t\t\t\t\t\t\t\t\t\t\t\t<img loading=\"lazy\" decoding=\"async\" width=\"800\" height=\"800\" src=\"https:\/\/ima-cg.com\/wp-content\/uploads\/2023\/02\/FR.png\" class=\"attachment-large size-large\" alt=\"\" srcset=\"https:\/\/ima-cg.com\/wp-content\/uploads\/2023\/02\/FR.png 800w, https:\/\/ima-cg.com\/wp-content\/uploads\/2023\/02\/FR-300x300.png 300w, https:\/\/ima-cg.com\/wp-content\/uploads\/2023\/02\/FR-150x150.png 150w, https:\/\/ima-cg.com\/wp-content\/uploads\/2023\/02\/FR-768x768.png 768w\" sizes=\"auto, 100vw\" \/>\t\t\t\t\t\t\t\t\t\t\t\t\t\t\t<\/div>\n\t\t\t\t<\/div>\n\t\t\t\t\t<\/div>\n\t\t<\/div>\n\t\t\t\t<div class=\"has_eae_slider elementor-column elementor-col-25 elementor-top-column elementor-element elementor-element-e2db8a9\" data-id=\"e2db8a9\" data-element_type=\"column\">\n\t\t\t<div class=\"elementor-widget-wrap elementor-element-populated\">\n\t\t\t\t\t\t\t\t<div class=\"elementor-element elementor-element-06b05ea elementor-widget elementor-widget-image\" data-id=\"06b05ea\" data-element_type=\"widget\" data-widget_type=\"image.default\">\n\t\t\t\t<div class=\"elementor-widget-container\">\n\t\t\t\t\t\t\t\t\t\t\t\t\t\t\t<img loading=\"lazy\" decoding=\"async\" width=\"800\" height=\"800\" src=\"https:\/\/ima-cg.com\/wp-content\/uploads\/2023\/02\/TB.png\" class=\"attachment-large size-large\" alt=\"\" srcset=\"https:\/\/ima-cg.com\/wp-content\/uploads\/2023\/02\/TB.png 800w, https:\/\/ima-cg.com\/wp-content\/uploads\/2023\/02\/TB-300x300.png 300w, https:\/\/ima-cg.com\/wp-content\/uploads\/2023\/02\/TB-150x150.png 150w, https:\/\/ima-cg.com\/wp-content\/uploads\/2023\/02\/TB-768x768.png 768w\" sizes=\"auto, 100vw\" \/>\t\t\t\t\t\t\t\t\t\t\t\t\t\t\t<\/div>\n\t\t\t\t<\/div>\n\t\t\t\t\t<\/div>\n\t\t<\/div>\n\t\t\t\t<div class=\"has_eae_slider elementor-column elementor-col-25 elementor-top-column elementor-element elementor-element-e15715c\" data-id=\"e15715c\" data-element_type=\"column\">\n\t\t\t<div class=\"elementor-widget-wrap elementor-element-populated\">\n\t\t\t\t\t\t\t\t<div class=\"elementor-element elementor-element-18f115f elementor-widget elementor-widget-image\" data-id=\"18f115f\" data-element_type=\"widget\" data-widget_type=\"image.default\">\n\t\t\t\t<div class=\"elementor-widget-container\">\n\t\t\t\t\t\t\t\t\t\t\t\t\t\t\t<img loading=\"lazy\" decoding=\"async\" width=\"800\" height=\"800\" src=\"https:\/\/ima-cg.com\/wp-content\/uploads\/2023\/02\/TG.png\" class=\"attachment-large size-large\" alt=\"\" srcset=\"https:\/\/ima-cg.com\/wp-content\/uploads\/2023\/02\/TG.png 800w, https:\/\/ima-cg.com\/wp-content\/uploads\/2023\/02\/TG-300x300.png 300w, https:\/\/ima-cg.com\/wp-content\/uploads\/2023\/02\/TG-150x150.png 150w, https:\/\/ima-cg.com\/wp-content\/uploads\/2023\/02\/TG-768x768.png 768w\" sizes=\"auto, 100vw\" \/>\t\t\t\t\t\t\t\t\t\t\t\t\t\t\t<\/div>\n\t\t\t\t<\/div>\n\t\t\t\t\t<\/div>\n\t\t<\/div>\n\t\t\t\t\t\t\t<\/div>\n\t\t<\/section>\n\t\t\t\t\t\t<\/div>\n\t\t\t\t\t<\/div>\n\t\t","protected":false},"excerpt":{"rendered":"<p>iMA PARTNERS Somos la suma de esfuerzos entre BIM Central, Fractales, Terabim y Tensegridad empresas l\u00edderes de capacitaci\u00f3n, implementaci\u00f3n y desarrollo de proyectos con BIM y las principales herramientas de la metodolog\u00eda en el mercado para el sector de la industria de la Arquitectura, Ingenier\u00eda y Construcci\u00f3n en M\u00e9xico. Los socios del grupo compartimos un &hellip; <\/p>\n<p class=\"link-more\"><a href=\"https:\/\/ima-cg.com\/index.php\/about\/\" class=\"more-link\">Leer m\u00e1s<span class=\"screen-reader-text\"> \u00abNosotros\u00bb<\/span><\/a><\/p>\n","protected":false},"author":0,"featured_media":0,"parent":0,"menu_order":0,"comment_status":"closed","ping_status":"closed","template":"elementor_header_footer","meta":{"om_disable_all_campaigns":false,"_monsterinsights_skip_tracking":false,"_monsterinsights_sitenote_active":false,"_monsterinsights_sitenote_note":"","_monsterinsights_sitenote_category":0,"spay_email":"","footnotes":""},"class_list":["post-975","page","type-page","status-publish","hentry"],"_links":{"self":[{"href":"https:\/\/ima-cg.com\/index.php\/wp-json\/wp\/v2\/pages\/975","targetHints":{"allow":["GET"]}}],"collection":[{"href":"https:\/\/ima-cg.com\/index.php\/wp-json\/wp\/v2\/pages"}],"about":[{"href":"https:\/\/ima-cg.com\/index.php\/wp-json\/wp\/v2\/types\/page"}],"replies":[{"embeddable":true,"href":"https:\/\/ima-cg.com\/index.php\/wp-json\/wp\/v2\/comments?post=975"}],"version-history":[{"count":16,"href":"https:\/\/ima-cg.com\/index.php\/wp-json\/wp\/v2\/pages\/975\/revisions"}],"predecessor-version":[{"id":1804,"href":"https:\/\/ima-cg.com\/index.php\/wp-json\/wp\/v2\/pages\/975\/revisions\/1804"}],"wp:attachment":[{"href":"https:\/\/ima-cg.com\/index.php\/wp-json\/wp\/v2\/media?parent=975"}],"curies":[{"name":"wp","href":"https:\/\/api.w.org\/{rel}","templated":true}]}}